u**3 - 6*u**2 + 35*u + 29. Determine j(-5).
-421
Let n(q) = -2893*q + 16847. Determine n(6).
-511
Let f(j) = -995*j - 589040. Give f(-592).
0
Let k(y) = 93*y**3 - 119*y - 453. Give k(-4).
-5929
Let h(n) = 2*n**2 + 1199*n + 7187. Give h(-6).
65
Let s(p) = -18877*p + 95210. Give s(5).
825
Let y(v) = 11819*v + 378243. What is y(-32)?
35
Let w(x) = -57139*x + 6913817. Calculate w(121).
-2
Let t(p) = 31185*p + 249626. Determine t(-8).
146
Let p(s) = 10816*s + 54084. What is p(-5)?
4
Let m(q) = -16*q**2 + 3281*q - 185. Give m(205).
20
Let v(l) = -20345*l - 122012. Give v(-6).
58
Let v(p) = -p**3 + 19*p**2 + 354*p + 12. Determine v(-12).
228
Let q(i) = -38*i**2 - 1717*i - 282. Determine q(-45).
33
Let f(y) = y**3 + 10*y**2 - 478*y + 408. What is f(-28)?
-320
Let q(o) = -2*o**2 + 1866*o - 31139. What is q(17)?
5
Let r(x) = -x**2 + 354*x - 13273. Determine r(42).
-169
Let n(r) = -201*r**3 - 205*r**2 + 419*r + 421. What is n(-1)?
-2
Let l(t) = 36*t - 57. Give l(-13).
-525
Let a(i) = -31*i - 1417. What is a(-43)?
-84
Let o(q) = -q**3 - 67*q**2 + 288*q + 169. Give o(-71).
-115
Let m(d) = 6*d**2 - 762*d + 5028. What is m(7)?
-12
Let h(w) = -32399*w - 356339. Give h(-11).
50
Let w(v) = -1936050*v + 17424449. Give w(9).
-1
Let b(x) = 3*x**2 - 1966*x + 13751. Determine b(7).
136
Let t(v) = 56*v + 12652. What is t(-226)?
-4
Let k(j) = -2349*j - 7060. Calculate k(-3).
-13
Let b(f) = 140*f**2 + 4621*f + 1. Determine b(-33).
-32
Let b(v) = 119*v - 33384. Calculate b(289).
1007
Let p(v) = -v**3 - 17*v**2 + 62*v + 335. What is p(-19)?
-121
Let q(o) = -40*o**3 + 46801*o**2 - 1143*o - 31587. Calculate q(1170).
3
Let s(y) = -114*y - 3719. What is s(-28)?
-527
Let d(l) = 21331*l - 128135. Calculate d(6).
-149
Let x(w) = 21*w**3 + 105*w**2 + 1423*w + 7111. Determine x(-5).
-4
Let q(h) = -2*h**3 - 153*h**2 + 194*h + 20528. What is q(-76)?
8
Let g(k) = 13*k**2 + 22*k - 135. What is g(0)?
-135
Let c(o) = -57714*o + 115439. Give c(2).
11
Let y(s) = 2336*s + 3004104. Calculate y(-1286).
8
Let r(o) = 3*o**2 + 133*o + 31. What is r(0)?
31
Let z(v) = -v**3 - 54*v**2 + 19*v + 1069. What is z(-54)?
43
Let p(w) = -12181*w + 366356. Determine p(30).
926
Let f(h) = -2*h**3 + 372*h**2 + 366*h + 1495. Give f(187).
-1
Let n(d) = 4*d**2 - 101*d - 110. What is n(35)?
1255
Let y(q) = q**2 + 102998*q + 617966. Determine y(-6).
14
Let y(h) = 18*h**3 + 258*h**2 + 522*h + 15. Give y(-2).
-141
Let t(s) = -s**2 + 300*s - 8378. Determine t(270).
-278
Let t(l) = l**3 - 193*l**2 + 9033*l + 786. Determine t(113).
-5
Let x(w) = -1329*w**2 + 9295*w - 43. Determine x(7).
-99
Let r(t) = -2096*t - 15947. Determine r(-7).
-1275
Let f(l) = -l**2 + 132*l - 4485. What is f(62)?
-145
Let z(u) = u**3 - 467*u**2 - 2309*u - 24701. Determine z(472).
-629
Let g(c) = c**3 + 11*c**2 + 6*c + 44. What is g(-10)?
84
Let l(d) = -18729*d - 187269. Give l(-10).
21
Let j(z) = 2290*z + 9924. Determine j(-4).
764
Let w(q) = q**3 - 5*q**2 - 140*q + 686. Calculate w(12).
14
Let w(y) = 646*y**2 + 271960*y - 2543. Determine w(-421).
-17
Let p(x) = 42683*x - 512022. Give p(12).
174
Let f(s) = -s**3 - 866*s**2 - 40626*s + 141992. Give f(-816).
8
Let w(y) = -y**3 + 18*y**2 + 480*y + 3295. Calculate w(-7).
1160
Let t(p) = p**2 + 127*p + 2979. Give t(-92).
-241
Let a(t) = t**2 - 75262*t - 677445. What is a(-9)?
-6
Let r(l) = -l**2 - 1079*l + 534280. Calculate r(369).
-32
Let h(q) = 9740*q - 10096. Determine h(1).
-356
Let y(o) = -o**3 + 9*o**2 - 247*o + 2198. Calculate y(9).
-25
Let m(q) = -q**3 - 308*q**2 + 2075*q - 40938. Calculate m(-315).
12
Let b(u) = -58*u**3 - 1046*u**2 - 36*u - 36. Calculate b(-18).
-36
Let o(u) = -3255*u + 797538. What is o(245)?
63
Let s(y) = -662*y**2 - 17873*y + 78. Give s(-27).
51
Let x(q) = -q**3 + 1401*q**2 - 470114*q + 3375. Give x(557).
33
Let o(b) = 3*b**2 - 1591*b - 21003. Calculate o(-13).
187
Let p(z) = 4*z**2 + 1173*z - 149467. What is p(96)?
5
Let b(y) = 2*y**2 - 75*y - 18028. Calculate b(-79).
379
Let x(b) = -2*b**2 - 202*b - 1976. Calculate x(-18).
1012
Let q(g) = 327*g**2 - 1601*g + 1903. Determine q(2).
9
Let v(u) = -2*u**3 - 8*u**2 - 3681*u - 22226. Determine v(-6).
4
Let s(b) = -5*b**2 + 1875*b + 15323. Determine s(-8).
3
Let h(i) = -306*i**2 + 7533*i + 2923. What is h(25)?
-2
Let c(p) = 64*p + 13572. Determine c(-208).
260
Let s(n) = -9102*n + 810082. Determine s(89).
4
Let d(b) = b**3 - 7*b**2 - 72*b - 720. Determine d(15).
0
Let h(u) = -442345*u + 884688. Determine h(2).
-2
Let n(o) = -93400*o + 1214203. Give n(13).
3
Let t(i) = 71*i**2 - 13905*i - 2129. Determine t(196).
27
Let o(u) = -3919*u - 5608092. Determine o(-1431).
-3
Let k(n) = -n**3 - 9*n**2 + 9432*n + 103499. Determine k(-11).
-11
Let u(j) = -2651*j + 26738. Calculate u(11).
-2423
Let f(y) = y**3 + 277*y**2 - 16355*y + 238. Determine f(50).
-12
Let t(j) = 105*j + 11051. Give t(-105).
26
Let y(q) = -2595*q - 92716. What is y(-36)?
704
Let j(n) = -n**3 - 16*n**2 + 10328*n + 195097. What is j(-19)?
-52
Let p(v) = -v**3 - 76*v**2 - 73*v + 53. Give p(-75).
-97
Let o(a) = -a**3 + 371*a**2 + 135*a - 50093. Determine o(371).
-8
Let f(o) = -23*o**2 + 433*o + 1019. Calculate f(20).
479
Let o(i) = 219*i**2 + 177277*i - 91527. Determine o(-810).
3
Let x(a) = -32*a - 1621. What is x(-52)?
43
Let o(g) = -7*g**2 - 2242*g - 15347. Give o(-7).
4
Let f(r) = 160*r - 19741. Calculate f(124).
99
Let r(w) = 20*w**3 - 171*w**2 - 531*w - 15. Give r(11).
73
Let q(y) = y**3 - 296*y**2 + 1673*y - 318962. Give q(294).
28
Let n(v) = -63654*v - 3055409. Calculate n(-48).
-17
Let w(d) = -5*d**2 - 209*d + 857. What is w(4)?
-59
Let z(x) = 2*x**2 + 206*x + 322. What is z(-103)?
322
Let w(z) = -23*z**2 - 167*z + 333. Calculate w(-9).
-27
Let a(p) = -p**3 - 521*p**2 - 898*p - 468028. Calculate a(-521).
-170
Let t(p) = -p**3 + 213*p**2 - 12211*p + 109883. Calculate t(11).
4
Let o(k) = 10*k**2 + 674*k - 1087. Calculate o(-69).
17
Let i(n) = 75*n**2 - 1052*n - 1029. What is i(-1)?
98
Let s(n) = 2141*n - 396249. Determine s(185).
-164
Let z(n) = -3*n**2 - 46*n + 382. Determine z(-18).
238
Let g(r) = r**3 - 35*r**2 + 247*r - 195. Give g(26).
143
Let w(r) = -r**3 - 138*r**2 - 162*r + 14883. Determine w(-136).
-77
Let a(i) = 934*i**3 - 2*i**2 - 216*i - 217. What is a(-1)?
-937
Let t(p) = -8*p**2 + 97*p - 120. What is t(11)?
-21
Let w(r) = -393*r + 2252. Determine w(2).
1466
Let x(b) = 9993*b + 359777. Give x(-36).
29
Let z(y) = 2639*y + 13332. What is z(-5)?
137
Let p(d) = -d**2 + 1976*d + 54064. Give p(-27).
-17
Let n(t) = 8*t**2 - 5278*t + 193678. Calculate n(39).
4
Let x(q) = 67*q - 1532. Determine x(20).
-192
Let m(g) = -63*g + 17117. Calculate m(273).
-82
Let o(n) = 14313*n - 3463745. Calculate o(242).
1
Let a(l) = -l**2 + 630*l + 248898. Determine a(-275).
23
Let d(r) = -5116*r - 138216. What is d(-27)?
-84
Let u(k) = k**3 + 440*k**2 + 870*k - 15. Give u(-2).
-3
Let o(f) = -449*f**3 + 3146*f**2 - 9*f - 1. What is o(7)?
83
Let v(h) = -h**3 - 12*h**2 - 36*h - 22. Calculate v(-9).
59
Let s(y) = 73*y - 1272. Determine s(18).
42
Let g(i) = -18*i**3 + 1118*i**2 - 129*i + 74. What is g(62)?
-236
Let d(q) = -2*q**3 - 68*q**2 - 14*q + 3645. What is d(-32)?
-3
Let i(r) = r**3 + 443*r**2 + 8307*r - 3063. Calculate i(-20).
-3
Let c(z) = z**2 + 10227*z + 609986. Determine c(-60).
-34
Let s(h) = -62797*h - 1193110. Give s(-19).
33
Let w(q) = 79*q**2 + 87*q + 225. Give w(-3).
675
Let o(r) = -100341*r - 100661. Give o(-1).
-320
Let c(i) = -5*i**2 - 3998*i + 65270. What is c(16)?
22
Let p(h) = -611*h**2 - 769*h + 769. Calculate p(1).
-611
Let i(v) = -329217*v - 12181040. Give i(-37).
-11
Let j(n) = -569*n - 123440. What is j(-217)?
33
Let f(n) = -3*n**3 + 36*n**2 + 271*n - 1193. Determine f(16).
71
Let m(d) = 62*d**2 - 13389*d - 685. What is m(216)?
-37
Let s(a) = -3*a**2 + 20*a + 1130. Determine s(23).
3
Let n(y) = -y**3 + 109*y**2 - 726*y + 1178. Calculate n(102).
-46
Let s(t) = -5674*t - 27087. What is s(-5)?
1283
Let p(j) = -8*j**2 + 67*j + 603. What is p(-10)?
-867
Let u(p) = 18*p**3 + 157*p**2 + 89*p - 63. Determine u(-1).
-13
Let z(c) = 1863722*c + 11182325. What is z(-6)?
-7
Let z(y) = 18037*y + 486993. Give z(-27).
-6
Let k(r) = -8*r**2 + 59*r + 779. Calculate k(-7).
-26
Let x(i) = -6*i**3 - 256*i**2 - 80*i + 3702. Determine x(-42).
6
Let p(m) = 2*m**2 - 2170*m